alse
Is 719 a factor of 388034?
False
Does 5 divide 4865?
True
Is 429520 a multiple of 472?
True
Is 15 a factor of 181143?
False
Does 22 divide 549039?
False
Is 4 a factor of 140744?
True
Is 87724 a multiple of 13?
True
Does 107 divide 464795?
False
Is 16633941 a multiple of 237?
False
Is 22 a factor of 1593768?
True
Is 61 a factor of 231254?
False
Is 1514020 a multiple of 1220?
True
Does 13 divide 43732?
True
Does 91 divide 132496?
True
Is 7171 a multiple of 101?
True
Does 346 divide 116256?
True
Does 11 divide 38753?
True
Is 30784008 a multiple of 281?
False
Is 34 a factor of 446596?
False
Is 91557 a multiple of 31?
False
Is 960023 a multiple of 5?
False
Is 3689522 a multiple of 548?
False
Is 19004252 a multiple of 947?
False
Is 48 a factor of 6227568?
True
Does 22 divide 63104?
False
Does 51 divide 80694?
False
Does 10 divide 1045447?
False
Does 96 divide 319206?
False
Does 28 divide 65138?
False
Is 170678 a multiple of 122?
True
Is 47 a factor of 760266?
False
Does 13 divide 12534197?
True
Is 28 a factor of 132160?
True
Is 113 a factor of 2376?
False
Is 19 a factor of 2003588?
True
Is 1823401 a multiple of 60?
False
Is 54468 a multiple of 178?
True
Does 12 divide 4040788?
False
Is 213 a factor of 448476?
False
Is 175 a factor of 1314250?
True
Does 121 divide 12024375?
True
Is 75110 a multiple of 35?
True
Does 17 divide 6416259?
True
Is 22 a factor of 63948?
False
Is 5186 a multiple of 14?
False
Is 238400 a multiple of 100?
True
Is 40 a factor of 19962312?
False
Is 19 a factor of 745824?
False
Is 69403 a multiple of 616?
False
Is 158 a factor of 45897?
False
Is 121 a factor of 485459?
False
Does 93 divide 9469625?
False
Is 78467 a multiple of 7?
False
Is 97456 a multiple of 318?
False
Is 93 a factor of 557628?
True
Does 39 divide 5705663?
False
Does 11 divide 208879?
True
Is 8 a factor of 66360?
True
Does 401 divide 260217?
False
Does 5 divide 105035?
True
Is 5820 a multiple of 6?
True
Does 103 divide 22145?
True
Is 267860 a multiple of 118?
True
Does 6 divide 87818?
False
Is 115 a factor of 1731555?
True
Is 50 a factor of 12650?
True
Is 8 a factor of 121720?
True
Is 1240699 a multiple of 3?
False
Is 575586 a multiple of 18?
True
Does 10 divide 32600?
True
Is 933 a factor of 8527620?
True
Is 3 a factor of 2302250?
False
Is 25 a factor of 884650?
True
Does 38 divide 6675346?
True
Is 4 a factor of 29296?
True
Does 228 divide 69996?
True
Is 3770781 a multiple of 37?
True
Is 5808650 a multiple of 72?
False
Is 472021 a multiple of 11?
True
Is 18960354 a multiple of 343?
True
Is 660 a factor of 678216?
False
Is 90922 a multiple of 36?
False
Does 105 divide 6408990?
True
Is 8221092 a multiple of 11?
True
Does 8 divide 93120?
True
Is 178 a factor of 3644681?
False
Is 5015810 a multiple of 5?
True
Does 103 divide 179066?
False
Is 14 a factor of 527607?
False
Is 15 a factor of 1792999?
False
Is 2079968 a multiple of 16?
True
Does 106 divide 2679892?
True
Is 1893 a multiple of 18?
False
Does 14 divide 731886?
False
Is 11399480 a multiple of 66?
False
Is 34 a factor of 16627938?
True
Is 102 a factor of 1169338?
False
Is 6634 a multiple of 62?
True
Is 160 a factor of 2157641?
False
Is 81440 a multiple of 16?
True
Does 32 divide 338080?
True
Does 598 divide 689507?
False
Does 42 divide 2569686?
True
Does 358 divide 171840?
True
Is 488 a factor of 871080?
True
Is 8311212 a multiple of 84?
True
Is 6313578 a multiple of 263?
True
Does 224 divide 7055?
False
Is 2 a factor of 7201?
False
Is 203618 a multiple of 122?
True
Does 303 divide 160287?
True
Is 100104 a multiple of 10?
False
Does 69 divide 6396500?
False
Is 97 a factor of 13084815?
True
Is 1129693 a multiple of 32?
False
Is 789 a factor of 151350?
False
Is 712 a factor of 24141784?
True
Is 3 a factor of 44524?
False
Does 4 divide 2704660?
True
Is 170 a factor of 45220?
True
Is 92 a factor of 172592?
True
Is 10 a factor of 67263?
False
Is 3559811 a multiple of 81?
False
Does 29 divide 1569915?
True
Does 67 divide 1039974?
True
Does 5 divide 71484?
False
Is 77 a factor of 260944?
False
Is 598592 a multiple of 376?
True
Is 2386916 a multiple of 188?
False
Is 746 a factor of 7967654?
False
Is 14 a factor of 900704?
True
Is 22630 a multiple of 31?
True
Is 6680210 a multiple of 53?
False
Does 9 divide 234720?
True
Is 181 a factor of 1946239?
False
Is 5858417 a multiple of 436?
False
Does 76 divide 129960?
True
Is 86 a factor of 896161?
False
Is 102221 a multiple of 17?
True
Is 11239 a multiple of 9?
False
Is 12960 a multiple of 257?
False
Is 1630 a factor of 14662927?
False
Is 287 a factor of 303933?
True
Is 898868 a multiple of 4?
True
Is 529078 a multiple of 464?
False
Is 168 a factor of 149872?
False
Is 131701 a multiple of 133?
False
Does 391 divide 378610?
False
Is 14 a factor of 177422?
True
Is 136 a factor of 90168?
True
Is 157790 a multiple of 310?
True
Is 932 a factor of 654264?
True
Is 1355 a factor of 13463280?
True
Does 43 divide 47816?
True
Is 20 a factor of 189171?
False
Is 25 a factor of 2092012?
False
Does 499 divide 12668?
False
Is 84 a factor of 16517?
False
Is 348772 a multiple of 4?
True
Is 456604 a multiple of 13?
False
Does 253 divide 122199?
True
Is 70 a factor of 4472090?
True
Does 485 divide 14398271?
False
Is 411 a factor of 979824?
True
Is 6 a factor of 4494461?
False
Does 128 divide 73216?
True
Is 9 a factor of 3959693?
False
Is 235132 a multiple of 47?
False
Does 2 divide 58084?
True
Is 15456 a multiple of 16?
True
Does 25 divide 97700?
True
Does 240 divide 11280?
True
Does 184 divide 398493?
False
Is 21836 a multiple of 139?
False
Is 22095516 a multiple of 12?
True
Is 85 a factor of 484604?
False
Does 5 divide 722350?
True
Is 118575 a multiple of 465?
True
Is 19 a factor of 4055987?
True
Does 19 divide 8020577?
False
Is 2250684 a multiple of 606?
True
Is 8 a factor of 247240?
True
Does 75 divide 78525?
True
Is 21 a factor of 1395408?
True
Is 2228818 a multiple of 89?
False
Is 903619 a multiple of 14?
False
Is 216 a factor of 8856?
True
Does 358 divide 4981570?
True
Does 20 divide 42838?
False
Is 22 a factor of 809825?
False
Does 256 divide 112761?
False
Is 1244076 a multiple of 172?
True
Is 653 a factor of 25852270?
True
Does 822 divide 15021592?
False
Is 2508480 a multiple of 144?
True
Does 1485 divide 12635865?
True
Does 168 divide 220998?
False
Does 65 divide 143260?
True
Does 21 divide 222909?
False
Is 43757 a multiple of 49?
True
Does 75 divide 28242?
False
Is 10606433 a multiple of 31?
True
Does 43 divide 766450?
False
Is 62 a factor of 112778?
True
Is 323640 a multiple of 186?
True
Is 78002 a multiple of 68?
False
Does 22 divide 2566?
False
Is 30360 a multiple of 33?
True
Is 52 a factor of 719978?
False
Does 516 divide 223634?
False
Does 15 divide 38280?
True
Is 13785385 a multiple of 17?
True
Does 84 divide 3705175?
False
Is 34644372 a multiple of 23?
False
Does 616 divide 7388304?
True
Is 45458 a multiple of 185?
False
Does 260 divide 6063126?
False
Does 16 divide 295?
False
Is 4297835 a multiple of 28?
False
Is 299 a factor of 381524?
True
Does 35 divide 7455?
True
Is 13 a factor of 644397?
True
Does 2 divide 78110?
True
Does 4 divide 6854601?
False
Does 14 divide 2683294?
False
Is 17161320 a multiple of 120?
True
Is 15 a factor of 6434719?
False
Does 14 divide 42098?
True
Does 6 divide 8436966?
True
Does 33 divide 9993939?
False
Does 91 divide 92274?
True
Does 26 divide 569244?
True
Does 16 divide 687885?
False
Is 721 a factor of 403760?
True
Is 284 a factor of 823924?
False
Is 7 a factor of 16834?
False
Does 72 divide 9911295?
False
Is 51294 a multiple of 9?
False
Is 1354812 a multiple of 12?
True
Is 90 a factor of 23760?
True
Does 114 divide 26562?
True
Is 14 a factor of 1753038?
True
Does 723 divide 2155263?
True
Does 28 divide 122974?
False
Does 13 divide 2391329?
False
Is 20 a factor of 548860?
True
Is 354 a factor of 2412240?
False
Is 327 a factor of 217782?
True
Is 437 a factor of 38893?
True
Does 74 divide 5077630?
False
Does 8 divide 849002?
False
Is 3702693 a multiple of 13?
False
Does 113 divide 433355?
True
Does 144 divide 2666386?
False
Is 5 a factor of 650320?
True
Does 59 divide 80704?
False
Is 3617819 a multiple of 8?
False
Is 36 a factor of 35352?
True
Is 9 a factor of 59166?
True
Does 35 divide 380074?
False
Is 221749 a multiple of 30?
False
Is